List the prime factors of 5699551589.
5699551589
What are the prime factors of 1630299691?
1630299691
What are the prime factors of 255579565?
5, 23, 103, 21577
List the prime factors of 3362725.
5, 31, 4339
What are the prime factors of 2094927391?
17, 67, 659, 2791
What are the prime factors of 751213415?
5, 3571, 42073
List the prime factors of 1993049167.
1327, 1501921
What are the prime factors of 106843371?
3, 35614457
List the prime factors of 13928489.
1063, 13103
List the prime factors of 51950548.
2, 13, 999049
What are the prime factors of 99522513?
3, 19, 64667
List the prime factors of 2652398335.
5, 530479667
List the prime factors of 150510584.
2, 7, 293, 9173
List the prime factors of 49382653.
19, 2599087
What are the prime factors of 34916171?
457, 76403
What are the prime factors of 49195968?
2, 3, 257, 997
What are the prime factors of 805408241?
11, 31, 653, 3617
List the prime factors of 173891329.
73, 2382073
What are the prime factors of 1426956308?
2, 193, 233, 7933
What are the prime factors of 2087138625?
3, 5, 11, 13, 38921
List the prime factors of 132963835.
5, 61, 435947
What are the prime factors of 380956043?
13, 17, 101399
List the prime factors of 556631726.
2, 7, 39759409
What are the prime factors of 14497851?
3, 157, 30781
List the prime factors of 1101172342.
2, 41, 59, 227609
What are the prime factors of 2261750220?
2, 3, 5, 103, 121993
What are the prime factors of 294713726?
2, 757, 194659
List the prime factors of 79974241.
79974241
What are the prime factors of 1787747454?
2, 3, 3079, 32257
What are the prime factors of 49316619?
3, 11, 79, 18917
What are the prime factors of 6430982?
2, 29, 110879
List the prime factors of 114091564.
2, 193, 147787
List the prime factors of 9310552.
2, 61, 19079
What are the prime factors of 453789315?
3, 5, 7, 31, 46471
What are the prime factors of 679003530?
2, 3, 5, 71, 318781
List the prime factors of 40286330.
2, 5, 7, 82217
What are the prime factors of 81820709?
151, 541859
List the prime factors of 671680134.
2, 3, 19, 677, 967
What are the prime factors of 268164942?
2, 3, 31, 43, 33529
List the prime factors of 450420340.
2, 5, 61, 369197
List the prime factors of 170448654.
2, 3, 2437, 11657
List the prime factors of 236709540.
2, 3, 5, 146117
What are the prime factors of 385259323?
787, 489529
What are the prime factors of 219670146?
2, 3, 1381, 8837
What are the prime factors of 400446863?
83, 257, 18773
List the prime factors of 103809239.
79, 257, 5113
List the prime factors of 105036772.
2, 26259193
What are the prime factors of 1580590924?
2, 11, 19, 31, 71, 859
What are the prime factors of 1666637818?
2, 4129, 201821
What are the prime factors of 1668109959?
3, 19, 9755029
List the prime factors of 273408885.
3, 5, 2025251
What are the prime factors of 135339844?
2, 1289, 26249
What are the prime factors of 25236375?
3, 5, 173, 389
List the prime factors of 1153283476.
2, 353, 409, 1997
What are the prime factors of 139106310?
2, 3, 5, 7, 37, 17903
List the prime factors of 945732141.
3, 71, 1480019
List the prime factors of 493943125.
5, 13, 60793
What are the prime factors of 98164957?
11, 53, 163, 1033
List the prime factors of 162220460.
2, 5, 17, 167, 2857
What are the prime factors of 13550076?
2, 3, 29, 12979
What are the prime factors of 779321902?
2, 113, 3448327
List the prime factors of 144352834.
2, 191, 377887
What are the prime factors of 16732065?
3, 5, 7, 19, 8387
What are the prime factors of 939650883?
3, 313216961
What are the prime factors of 59063102?
2, 7, 4218793
What are the prime factors of 60996270?
2, 3, 5, 19, 113, 947
What are the prime factors of 302763308?
2, 75690827
List the prime factors of 541394302.
2, 270697151
What are the prime factors of 352319?
11, 32029
List the prime factors of 532942551.
3, 19738613
List the prime factors of 98589726.
2, 3, 241, 22727
What are the prime factors of 94725878?
2, 13, 3643303
What are the prime factors of 4669135360?
2, 5, 137, 13313
What are the prime factors of 147611419?
239, 719, 859
What are the prime factors of 1190137593?
3, 396712531
What are the prime factors of 499530882?
2, 3, 23, 821, 4409
List the prime factors of 18231505.
5, 227, 16063
List the prime factors of 200783833.
307, 654019
List the prime factors of 1092623460.
2, 3, 5, 61, 487, 613
List the prime factors of 17547670.
2, 5, 7, 250681
List the prime factors of 255890296.
2, 31986287
List the prime factors of 1573902036.
2, 3, 7, 29, 71789
What are the prime factors of 3772485123?
3, 11, 10392521
List the prime factors of 54596737.
13, 4199749
What are the prime factors of 114850305?
3, 5, 389
What are the prime factors of 161902390?
2, 5, 13, 17, 73259
List the prime factors of 59544346.
2, 29772173
What are the prime factors of 1044337491?
3, 1361, 85259
What are the prime factors of 1289307974?
2, 271, 2378797
List the prime factors of 849819508.
2, 2143, 99139
What are the prime factors of 45017570?
2, 5, 13, 29, 11941
What are the prime factors of 14881605?
3, 5, 53, 18719
What are the prime factors of 39396832?
2, 743, 1657
What are the prime factors of 47374037?
47374037
List the prime factors of 86024587.
11, 73, 9739
List the prime factors of 675677676.
2, 3, 59, 89, 10723
What are the prime factors of 6615243?
3, 491, 499
List the prime factors of 1023834.
2, 3, 7, 19, 1283
List the prime factors of 27595548.
2, 3, 766543
What are the prime factors of 1860597446?
2, 307, 3030289
What are the prime factors of 188459447?
11, 23, 31, 24029
What are the prime factors of 5630848146?
2, 3, 7, 11, 61, 66601
List the prime factors of 3561371185.
5, 47, 15154771
What are the prime factors of 2317426473?
3, 443, 1743737
What are the prime factors of 1320989607?
3, 7, 17, 197, 2087
What are the prime factors of 1514374224?
2, 3, 11, 571, 5023
What are the prime factors of 64661085?
3, 5, 19, 2801
List the prime factors of 16654113.
3, 7, 88117
What are the prime factors of 50121200?
2, 5, 125303
What are the prime factors of 32681083?
19, 1720057
What are the prime factors of 245776312?
2, 1297, 23687
What are the prime factors of 575399911?
347, 1658213
List the prime factors of 150847810.
2, 5, 131, 115151
What are the prime factors of 178024780?
2, 5, 8901239
List the prime factors of 403796392.
2, 37, 1364177
What are the prime factors of 54183624?
2, 3, 11, 17, 12073
What are the prime factors of 6106687156?
2, 1526671789
What are the prime factors of 241487911?
7, 79, 436687
List the prime factors of 201661528.
2, 59, 427249
List the prime factors of 48361711.
241, 200671
List the prime factors of 1489180013.
281, 5299573
List the prime factors of 363812076.
2, 3, 19, 29, 18341
List the prime factors of 91585356.
2, 3, 23, 43, 7717
What are the prime factors of 51965850?
2, 3, 5, 346439
List the prime factors of 5714251187.
53719, 106373
List the prime factors of 34931787.
3, 11, 17, 71, 877
What are the prime factors of 3007250?
2, 5, 23, 523
List the prime factors of 310867678.
2, 11, 17, 23, 71, 509
What are the prime factors of 2162250334?
2, 379, 1427, 1999
List the prime factors of 59402037.
3, 19, 1042141
List the prime factors of 233475238.
2, 41, 2847259
List the prime factors of 82204432.
2, 5137777
List the prime factors of 2655752756.
2, 43, 149, 173, 599
List the prime factors of 87456518.
2, 29, 31, 127, 383
List the prime factors of 267070734.
2, 3, 7, 2119609
List the prime factors of 28610678.
2, 3167, 4517
What are the prime factors of 2877101?
79, 461
List the prime factors of 76892058.
2, 3, 181, 7867
List the prime factors of 6720550608.
2, 3, 349, 401179
List the prime factors of 425909480.
2, 5, 10647737
What are the prime factors of 472130230?
2, 5, 11, 13, 109, 233
List the prime factors of 1306552325.
5, 13, 37, 179, 607
What are the prime factors of 5492154339?
3, 7, 31, 79, 35597
List the prime factors of 1319050268.
2, 29, 11371123
What are the prime factors of 185301312?
2, 3, 7, 137873
What are the prime factors of 46722230?
2, 5, 47, 99409
List the prime factors of 119363445.
3, 5, 23, 115327
List the prime factors of 61230495.
3, 5, 43, 59, 1609
What are the prime factors of 106831561?
1283, 83267
List the prime factors of 3416203299.
3, 15619, 72907
List t